 5 - 1. Suppose -4*l = -4*z - 8, o*z + 3*l - 7 = 6. Let m(t) = 6*t**3 - 1 + t**3 + 3*t**3. What is m(z)?
9
Suppose -4*g - 5*c = -55 - 9, c - 26 = -2*g. Suppose 5*d = -g + 51. Suppose n + 3 = f, -5*n - d - 3 = -3*f. Let v(l) = -2*l**3 + 2*l**2 + l. Calculate v(n).
3
Let i(s) = -6*s + 5. Let w(p) = 6*p - 6. Let h(l) = -7*i(l) - 6*w(l). Let b(a) = -a**3 - 4*a**2 - 8*a - 7. Let x be b(-2). Give h(x).
7
Let g(i) = i + 2. Let f(y) = -y - 5. Let a be f(-8). Let k(v) = v + 2 + a*v - 2*v. Let s(r) = -4*g(r) + 3*k(r). Calculate s(-3).
-8
Let d = 12 - 8. Suppose -3*s - 10 = -2*u + 3, d*u = -3*s + 17. Let i(q) = -2*q + 4. What is i(u)?
-6
Let p(u) be the second derivative of u**3/6 + u**2 - u - 1. Suppose -3*s = -3*i + 30, 5*i - 2*s = -0*s + 38. Determine p(i).
8
Let i(n) = -n - 8. Let d be i(-4). Let m = 6 + d. Suppose -m*w - 2 + 14 = 0. Let g(h) = -h**2 + 7*h - 7. What is g(w)?
-1
Let j(f) be the third derivative of 0 + 2*f**2 + 0*f**3 - 1/24*f**4 + 0*f + 1/60*f**5. Calculate j(0).
0
Let p(c) be the third derivative of -c**4/24 - c**3/2 + 16*c**2. Give p(7).
-10
Let j(k) = 7*k**2 - 12*k + 3. Let b(s) = 15*s**2 - 25*s + 6. Let h(o) = 6*b(o) - 13*j(o). Determine h(3).
6
Suppose 3*v - 3 = 6. Suppose v*n = -0*n + 6. Let b(k) = 0*k + k**n - 3 + 0*k + 5*k. Calculate b(-4).
-7
Suppose -s + 2*c + 13 = 0, -3*c + 4*c = 2*s - 17. Let n(z) = -z**2 + 6*z + 8. Give n(s).
1
Let k(f) = 4*f + 1. Let r(s) = 2*s + 1. Let u be (-102)/14 + (-2)/(-7). Let l(x) = u*r(x) + 4*k(x). Give l(2).
1
Let m(d) be the second derivative of -d**5/20 + d**4/2 + d**3/3 - 3*d**2/2 - 5*d. Calculate m(6).
9
Let q(n) = -3 - 3 + n**2 + 8 + 4*n + 4. Determine q(-5).
11
Let l(a) = a + 9. Let u be l(-6). Let m be (-1 + 6/(-9))*u. Let n(t) = -t - 7. Determine n(m).
-2
Let i(k) = -5*k. Let x be (-2)/4 - 55/10. Let f(d) = -d**2 - 7*d - 5. Let o be f(x). Calculate i(o).
-5
Let k be (-6)/9*3 + 6. Suppose -3*y + 4 = 4*r, r - k*y - 1 = -6*y. Let j(x) = -r + 3 + 2*x - 2 + 1 - 4*x**2. Give j(-1).
-5
Let t(s) = -s**3 - 3*s**2 - 2*s + 1. Suppose -d + 16 = -3*d + 2*z, 27 = -4*d + 3*z. What is t(d)?
7
Let d(u) be the first derivative of -1 - 3*u + 5/6*u**3 - 3/2*u**2. Let k(a) be the first derivative of d(a). What is k(2)?
7
Let t(w) be the second derivative of w**6/360 - w**5/60 - w**4/6 - w. Let a(c) be the third derivative of t(c). Determine a(-2).
-6
Suppose 0 = -5*m + 28 - 88. Let y be (2/(-6))/(1/m). Suppose -i = -3*b, -y + 0 = b + i. Let g(j) = 6*j**2 - j. Give g(b).
7
Suppose -3*j + 2 = 2*j + 3*x, 6 = 3*j - 3*x. Let z(w) = -7*w**2 + 2*w - 1. Give z(j).
-6
Let j(y) = -7*y**3 - 1. Suppose 2 = 4*n + 26. Let t = -25 - -20. Let b = n - t. Give j(b).
6
Let g(c) = c**2 - c + 1. Let z = -4 - -4. Suppose z = -0*y - 2*y. Determine g(y).
1
Let y(v) = -v - 1. Suppose -x - 4*x + 10 = 0. Suppose -3*r + 5 = -x*r. Give y(r).
-6
Let w(a) = a**2 - a + 2*a - a + 3*a. Give w(-3).
0
Let b(c) = -16*c + 7. Let k(z) = 11*z - 5. Let d(p) = 5*b(p) + 7*k(p). Suppose 0 = i - 3*l - 9, -2*i - l - 2*l = 18. What is d(i)?
9
Suppose -4*v = 2*b - 22 - 6, 25 = v + 5*b. Let r(o) be the second derivative of -1/2*o**2 - 1/3*o**4 + 1/20*o**v - 3*o + 0 + 1/6*o**3. What is r(3)?
-7
Suppose 3*u - 13 = 3*n - 2*u, -u + 11 = -2*n. Let g(b) = b**3 + 5*b**2 - 3*b + 5. What is g(n)?
-13
Let z be (3 + -4)*(-4)/2. Let o(p) = 12*p - 5*p**2 + 5 - 4*p + p**z + 5*p**2. Determine o(-4).
-11
Let i(y) = -8 + 2*y**3 + 9*y**2 - y - 7*y + 6*y**2 + 3*y**3. Let c(w) = 4*w**3 + 14*w**2 - 8*w - 7. Let m(q) = -6*c(q) + 5*i(q). Calculate m(8).
2
Suppose 3*c = 4*c + 2. Let w = 6 + c. Let b(q) = -4*q + 6 + 1 - w. Give b(3).
-9
Suppose -10 + 4 = -3*w. Suppose w*z - 3 = -13. Let k(a) = a**3 + 4*a**2 - 4*a + 4. Give k(z).
-1
Let c(m) be the first derivative of m**3/3 - 5*m**2/2 - 4*m - 43. Let o(w) = 4*w - 3. Let h be o(2). Determine c(h).
-4
Let c(d) = d**3 + 3*d**2 + 2*d - 2. Let b(j) be the first derivative of -j**4/4 - 4*j**3/3 + 7*j**2/2 + 7*j + 3. Let a be b(-5). Give c(a).
-8
Let u(b) be the second derivative of b**3/6 + 2*b. Let c(l) = -13*l - 1. Let n(j) = -c(j) - 3*u(j). What is n(1)?
11
Let u(f) = -4*f**3 - f**2 + 19*f + 16. Let n(q) = -q**3 + 6*q + 5. Let k(m) = 7*n(m) - 2*u(m). Suppose 5*l + 10 = -0*l. Calculate k(l).
-5
Suppose 5*g - 9 = 1. Let r = -3 + g. Let k(f) be the first derivative of -f**3 + f**2 + f - 18. Determine k(r).
-4
Let y(i) be the third derivative of -i**5/120 + 5*i**4/24 + i**3/6 + 5*i**2. Let s(b) be the first derivative of y(b). What is s(-4)?
9
Let i(l) be the second derivative of l**4/12 - l**3/3 + 3*l**2/2 + 4*l. Suppose -3*x - 6 = -6*x. Calculate i(x).
3
Let d be (6/((-72)/(-28)))/(1/3). Let x(g) = g**3 - 6*g**2 - 6*g - 6. Give x(d).
1
Let q(r) = -3*r + 5. Let v be 2 + (0 - (-1 + 0)). Let t be 2/2*(v + 1). Give q(t).
-7
Let r(w) = -w. Let c(f) = -4*f**2 + 8*f + 4. Let p(n) = 3*n**2 - 7*n - 4. Let o(m) = -2*c(m) - 3*p(m). Let q be o(5). Let y be (q/(-6))/(2/12). What is r(y)?
4
Suppose 8*b = -s + 3*b + 5, s - 4*b - 5 = 0. Let q(x) be the third derivative of -1/4*x**4 + x**2 - 1/6*x**3 - 1/60*x**s + 0*x + 0. Calculate q(-6).
-1
Let n = 5 - 0. Let k(f) = 7*f**3 - n*f**2 + 4*f**3 + 7 - 12*f**3. Calculate k(-5).
7
Let p(l) be the third derivative of -l**6/120 - l**5/20 + l**4/12 + l**3/2 - 5*l**2. Give p(-2).
-5
Let o(x) = -10*x - 3. Let y(r) = -r**2 - 14*r + 5. Let q be y(-14). Let w(d) = -9*d - 3. Let n(v) = q*o(v) - 6*w(v). Determine n(-2).
-5
Let a(f) be the first derivative of f**2/2 + 4*f + 3. Suppose 0 = -n - 0*n. Give a(n).
4
Let p(f) = -f**3 - 11*f**2 + 11. Let w be 2/(-2) - (7 - 1). Let c(n) = -2*n**3 - 21*n**2 - n + 21. Let b(o) = w*p(o) + 4*c(o). Give b(-6).
-5
Let u be -2 - (1 + 83)/(-3). Suppose -4*p - 2*r + 17 = -11, r = 3*p - u. Let a(m) = 0*m + 0*m - p + m**2. Determine a(0).
-8
Suppose 0 = -3*v - 2*o + 5, -2*v + 0*o = -3*o - 12. Let r(a) = -a**3 + 3*a**2 + a - 1. What is r(v)?
2
Suppose 0 = -4*t - f - 0 + 5, 3*t - 4*f - 18 = 0. Let u(l) = -t + 1 - 3*l + 2*l + 5. Let a be (-2)/(-4)*0/3. Give u(a).
4
Let y(k) = 7*k**3 - 7*k**2 - 2*k + 4. Let c be (-1)/((-1)/3) + 5. Let x(m) = -11*m**3 + 10*m**2 + 3*m - 6. Let v(s) = c*y(s) + 5*x(s). Give v(6).
-4
Let s(m) be the first derivative of m**4/4 - 7*m**3/3 + m**2/2 - 8*m + 13. Give s(7).
-1
Let d(h) = -9*h + 10. Let r(q) = -5*q + 5. Let x(v) = 6*d(v) - 11*r(v). Determine x(0).
5
Let f(b) = b + 11. Let a(g) = -g - 12. Let p(t) = -6*a(t) - 7*f(t). Determine p(-7).
2
Let c(o) = -o - 3. Let i be c(-6). Suppose 3*d + 2*d = 0. Let f(t) = d*t**3 + 2 - 2*t**3 + 3*t**2 + t**3. Determine f(i).
2
Let k(p) = 1 - 15*p - 6 - 1. Let b(t) = 10*t + 4. Let s(x) = -8*b(x) - 5*k(x). What is s(-2)?
8
Let a(t) be the second derivative of 2*t**3/3 + t**2 - 6*t. Give a(-6).
-22
Suppose 0 = -2*b + 7*b - 20. Suppose -2*i + b*i + 10 = 0. Let t(h) = h**2 + 4*h - 1. Calculate t(i).
4
Suppose 0*y + 9 = 3*y. Let m(s) = -s**y - 1 + 1. Let i = 18 - 18. Calculate m(i).
0
Suppose 3*w + 0*r + r - 12 = 0, -5*r = 4*w - 27. Let x(c) = -1 + 6 - 1 + 75*c - 79*c. Determine x(w).
-8
Let h(b) = b**2 - 8*b + 7. Let o(m) = -m - 2. Let q be o(-4). Suppose -2*g + q + 8 = 0. Determine h(g).
-8
Let z(o) = -5*o - 2 + 2 + 11*o. Let k(r) = -5*r - 1. Let f(m) = 4*k(m) + 3*z(m). Give f(4).
-12
Let b(d) = 1 - 1 - 1 + 4*d. Let w(c) = 4*c + 29. Let g be w(-8). Give b(g).
-13
Let h be 2/4*(-4)/(-6). Let g(y) be the second derivative of -1/2*y**2 + h*y**3 + 0 - y. Determine g(-1).
-3
Let v(j) = 18*j**3 - j**2 + j. Suppose 10*l - 5 - 5 = 0. Calculate v(l).
18
Let q(m) = -m**2 - m + 5. Suppose 5*n = -0*n + 25. Suppose -n*o = -2*o. Suppose -j + 2 = -v + 3, o = -5*j - 5*v + 5. What is q(j)?
5
Let m = 13 - 4. Let a(u) = 7*u + m*u**2 + 4 + 2*u**2 - 5*u**2 + u**3. What is a(-5)?
-6
Let o be 10/4*(-4)/(-5). Let l be 3 + (3 - o/2). Suppose -3*m - 2*r = l, 0 = -2*m - 0*m + r - 8. Let c(x) = -x**2 - 3*x - 4. Calculate c(m).
-4
Let y(k) be the first derivative of -k**4/4 - 3*k**3 - 11*k**2/2 - 8*k + 17. Determine y(-7).
-29
Let x = -1 - -6. Let u(z) = 6 + 23*z - 12*z - 13*z. Give u(x).
-4
Let o(k) = k**2 + 2*k - 3. Let c = -3 + 13. Let b be -1*3*(-14)/(-3). Let w = b + c. Calculate o(w).
5
Let r(j) be the first derivative of j**4/4 + 3*j**2/2 - 2. Let x(f) be the second derivative of r(f). What is x(-1)?
-6
Suppose -6*h - 12 = -2*h. Let g = h + 